at is the units digit of p?
1
Suppose 3*i + 7 = -5*l, i = 3*l - 5 + 26. Suppose 19 = 3*u + v - 173, i = -2*v. What is the units digit of u?
5
Let p be (78/(-26))/(6/56*1). Suppose -k - 4*k = 310. Let r = p - k. What is the units digit of r?
4
Suppose -125 = y + 4*y. Let x be ((-12)/(-10))/((-10)/y). What is the units digit of (x - 1) + -2 - -6?
6
Suppose -16*j + 28*j = 3096. What is the hundreds digit of j?
2
Suppose -2*i + 2*c - c + 204 = 0, -2*i + 208 = -2*c. Suppose m = 5*m - i. What is the units digit of m?
5
What is the units digit of 4 + -2 + 718 + 7?
7
Let d(i) = -2*i**3 + 2*i**2 + i. Let b be d(-1). Suppose b*w - 16 + 7 = 0. Suppose 4*p + 5*n = 180, n + 36 = w*p - 2*p. What is the units digit of p?
0
Suppose 2*w - 15*w = -5447. What is the hundreds digit of w?
4
Let f(y) = 8*y + 53. Let k be f(-6). Suppose m - 618 = -k*n, 0 = 2*n + 3*m - m - 244. What is the tens digit of n?
2
Suppose 0 = 3*x - 345 - 276. Suppose 0*m = -m + x. What is the tens digit of m?
0
Let c = 134 + 1114. What is the thousands digit of c?
1
Suppose 0 = 7*z - 392 - 798. Let c = -56 + z. What is the hundreds digit of c?
1
Let g be (30/(-4) - 4)*-6 - -4. Let c = g + 27. What is the hundreds digit of c?
1
Suppose -31*d + 33*d - 2*i - 1582 = 0, 0 = -3*i + 6. What is the hundreds digit of d?
7
Let r be -4 + 0/8 + -4*1. What is the units digit of 158/3*-1*36/r?
7
Let y(v) = -v**2 - 9*v - 8. Suppose o = 5*o + 40. Let z(x) = 2*x + 13. Let r be z(o). What is the units digit of y(r)?
6
Let o(q) = -4*q + 376. What is the units digit of o(24)?
0
Suppose 0 = -5*a - 4*u + 140, 3*a = -3*u + u + 86. Suppose a = -5*o + 2. What is the units digit of (522/(-27))/(4/o)?
9
Suppose 0 = 8*f - 3*f - 2800. What is the units digit of f?
0
Let a(c) = c**3 - 3*c**2 - 3*c - 5. Let h be a(4). Let i(v) be the first derivative of 41*v**3/3 + 3*v**2/2 + 2*v - 1. What is the units digit of i(h)?
0
Suppose -3*a + 96 = 4*l, 3*l - 89 = -2*l + 4*a. Suppose 0 = i + 2*i - 3*f - l, 2*f = -4*i - 2. Suppose t = d - i*d + 6, -d = 4*t. What is the units digit of d?
8
Let k(o) = -8*o - 7. Let v = -66 - -56. What is the units digit of k(v)?
3
Suppose -3*z - 2*o - 26 + 92 = 0, -z = -o - 22. Suppose z - 2 = 2*g + 3*r, -22 = -4*g + 3*r. What is the units digit of g?
7
Let v(x) be the first derivative of 59*x**3/3 - 2*x**2 - 5*x + 8. What is the tens digit of v(-2)?
3
Let s = -708 - -1191. What is the hundreds digit of s?
4
Let u = 9 - 8. Let m be u + (-2)/(-1) - 3. Suppose 4*n + 92 = 5*l, -3*n = -4*l - m*n + 74. What is the tens digit of l?
2
Let q = 2 + 13. Let a = q + -2. What is the tens digit of a?
1
Let n(r) be the third derivative of 0*r**3 + 17/30*r**6 + 0*r + 7*r**2 + 0*r**4 + 0 - 1/60*r**5. What is the units digit of n(1)?
7
What is the hundreds digit of -159*(-6 - -6 - 3)?
4
What is the hundreds digit of (216/(-32) - -6) + (-44097)/(-12)?
6
Let c(g) = -g**2 + 14*g + 5. Let a be c(10). Let u be ((-15)/a)/(2/(-24)). Suppose -u*m = 4*z - 28, -z + 35 = 4*m - 4*z. What is the units digit of m?
8
Suppose d - 3 = 5. Suppose 30 = -10*p + d*p. Let n = p + 34. What is the units digit of n?
9
Let m = -2554 - -3705. What is the thousands digit of m?
1
Let d = -16 + 22. Suppose 5*w - 435 = -4*c, 0 = c + d*w - 2*w - 95. Suppose 2*v = 5*l + c, 3*v - 2*l - 184 - 5 = 0. What is the tens digit of v?
6
Suppose 3*z + 10 = 2*m + 2, -4*z - 4 = -m. Suppose 8 = -0*i + m*i. Suppose 39 + 7 = i*a. What is the units digit of a?
3
Let j be 3/(-3)*(-2)/(-4)*-4. What is the tens digit of 3 - 8/j - (-2 - 56)?
5
Let j(b) = -2*b + 5. Let n be j(4). What is the units digit of 1/((-64)/(-21) + n)?
1
Let r be ((-145)/15 + 1)*39/(-2). Suppose -2*w - j = -7*w + 382, 5*j = -2*w + r. What is the units digit of w?
7
Let j(i) = i**2 - 3 + 8 + 2 + 5 + 2*i. What is the units digit of j(-10)?
2
Let u(a) = a**2 + 3*a + 3. Suppose 3*p - 12 - 9 = 0. Let m be u(p). Let b = m - 9. What is the units digit of b?
4
Let u be (1 - -3)*-1*205/10. Let b = 127 + u. What is the units digit of b?
5
Let j(z) = 5*z - 1. Let m(h) = 2*h**2 + h - 2. Let x be m(-3). What is the units digit of j(x)?
4
Let m(f) be the second derivative of -f**5/20 + 7*f**4/12 + 10*f**3/3 - 2*f**2 - 6*f. What is the units digit of m(8)?
2
Suppose 5*w = -5*t - 5, -2*w - 2*t = -4*w + 14. Suppose p = 0, -38 = -x - w*p + 59. What is the units digit of x?
7
Let l = 15 - 13. What is the tens digit of l/(-7) - 443/(-7)?
6
Suppose 244 = 2*d - 3*h, 0*d = 3*d - h - 380. Let o = -84 + d. Let y = o + -29. What is the units digit of y?
5
Suppose -k - 80 = k. Let w = k + 5. Let l = w - -60. What is the units digit of l?
5
Let i(o) = 7*o - 6. Let a be i(4). Let w be 8/(-40) - a/(-10). Suppose -w*q + 33 - 9 = 0. What is the units digit of q?
2
Let c be (2 + -1)*(-2 + 2). Suppose 3*x - 3*r - 12 = 0, 3*x = -c*r - 2*r + 2. Suppose 5*q = x*h + 64, 6*q - h - 53 = 2*q. What is the units digit of q?
4
Suppose 0 = -3*j + 2*j + 2. Suppose 2*u - 63 = -g, 5*g - 169 = j*g - u. What is the units digit of g?
5
Let o(i) be the third derivative of i**5/30 + 13*i**4/24 - 6*i**3 + 21*i**2. What is the units digit of o(-11)?
3
Let b(o) = 3*o**2 - 6*o - 5. Let a be b(7). Let f be (-2 - -1)/(1*1/67). Let c = f + a. What is the units digit of c?
3
What is the hundreds digit of 150/(-45)*(-282)/2?
4
Let b(a) = -6*a - 25. Let g be b(18). Let f = g - -258. What is the hundreds digit of f?
1
Suppose 2*y - 6*y - 96 = 0. Suppose 4*z + 60 = s, -8*z = s - 5*z - 53. Let q = y + s. What is the units digit of q?
2
What is the units digit of (-6 + (-1 - -1) - -10) + 479?
3
Let h = 63 + 156. Suppose h = 3*a + 15. Suppose -5*v - 4*t + 146 = 0, t + 12 - a = -2*v. What is the units digit of v?
6
Let g(d) = d + 3*d + 8 + 12 - 3*d. Let b(x) = 2*x + 16. Let v be b(-8). What is the tens digit of g(v)?
2
Let c(b) = -2*b**3 - 5*b**2 - 12*b + 20. Let i(f) = -3 + 2*f**2 + 13*f**3 + 6*f - 12*f**3 - 7. Let z(p) = 6*c(p) + 11*i(p). What is the units digit of z(-7)?
3
What is the hundreds digit of ((991/2)/1)/((-18)/(-72))?
9
Let t be 76/14 + (-12)/28. Suppose -3*j = -5*c + 1, j + 4 = t*c - 3. What is the units digit of 26 - (5 - j)*-1?
8
Let l = -89 - -95. Suppose -l*w = -w - 600. What is the hundreds digit of w?
1
Let r = -28 - -31. Suppose r*f = 6*f - 243. What is the tens digit of f?
8
Suppose -4 = -7*d + 5*d. Let m be (-30)/3*d/(-5). Suppose -m*o - 10 + 230 = 0. What is the units digit of o?
5
Let v(x) = -56*x**2 - 2*x - 1. Let j be 1/7 + (-8)/7. Let t be v(j). Let k = 87 + t. What is the tens digit of k?
3
Suppose -5*f - 4*t + 7061 = 0, f + 2*t = 3*f - 2810. What is the units digit of f?
9
Let v(k) = k**3 - 10*k**2 + k - 1. Let z be v(10). Let j be z/2*(-9 + 7). What is the units digit of (-45)/(-12)*(-60)/j?
5
Let t = 1697 + -873. Suppose 0 = 5*h + c - t, -3*h - 2*c + 597 - 104 = 0. Suppose -4*y + y = -h. What is the units digit of y?
5
Let c = -33 + 40. Let b be c - (0 + 1 - -3). Suppose 0 = 4*g - 12, -2*m = -6*g + b*g - 63. What is the units digit of m?
6
Let q be (0 + 1)/((-4)/(-444)). Let a = q + -27. Suppose -t - a = -3*v - 3*t, 2*t = -5*v + 136. What is the tens digit of v?
2
Let a be ((-48)/(-18))/4 - 142/(-3). Let b = a - -79. What is the units digit of b?
7
Let l(r) = -2*r**2 - 4*r**2 - 2*r**2 + r - 8 + r**3. Let x be l(8). Suppose -f + 16 - 1 = x. What is the units digit of f?
5
Suppose 4*o - 5*q = 5, 0 = -4*o + 7*o - 4*q - 4. Let u(p) = 53 + 2*p**3 - 48 - 5*p**2 - 2*p + o*p**2. What is the tens digit of u(4)?
4
Let x(n) = -n**3 - 10*n**2 - 6*n. Let s be x(-9). Let c = 19 - s. What is the tens digit of c?
4
Let l = 4393 + -2294. What is the thousands digit of l?
2
Let u(o) = 2*o**3 + 46*o**2 - 29*o + 41. What is the units digit of u(-23)?
8
Let s = -34 - -7. Let d(x) = -4*x - 7. Let m be d(-18). Let z = m + s. What is the units digit of z?
8
Let n(i) = -41*i + 25. What is the tens digit of n(-21)?
8
Suppose -4*q = 2*k - 12, -4*q + k + 15 = q. Let t = 86 - 82. Suppose q = -j, 0*d = 3*d - t*j - 150. What is the tens digit of d?
4
Let a(z) = -z**2 + 8*z + 6. Suppose -27 = t - 4*o, -5*o = -t - 1 - 28. Let m = -12 - t. What is the units digit of a(m)?
3
Let n(i) = -4 + 23*i + 10*i - i + 0*i. Let l be n(-3). What is the tens digit of (1 + l/12)*-3?
2
Let o(z) = 27*z - 60. What is the hundreds digit of o(23)?
5
Let n(l) = 20*l**2 - 5*l + 8